What is the tens digit of h?
1
Let s(i) = i**2 + i. Let c(z) = 4*z**2 - 3*z + 4. Let v(u) = -c(u) + 3*s(u). Let o be v(4). Suppose o*m + m = 235. What is the tens digit of m?
4
Let f = -28 - 13. Let n = f - -43. Suppose -73 = -n*v + 33. What is the tens digit of v?
5
Suppose -4*i + 3*y - 4 = 0, -3*i - 3 = -3*y - 0. What is the hundreds digit of (-5840)/(-219)*(0 - 33)/i?
8
Let m be (-20)/50 + 1 + 3/(-5). Suppose -6*q + 14 = -2*q - 2*h, m = -5*q + 3*h + 18. Suppose -q*f = -216 - 75. What is the units digit of f?
7
Suppose 0 = 8*k + 110 - 46. What is the tens digit of 38 - (k/(-28) + 180/(-42))?
4
What is the ten thousands digit of -67299*4/(-12) + (-19 - -14)?
2
Let u(o) = -o**3 - 7*o**2 - 23*o - 86. What is the hundreds digit of u(-21)?
5
Let z(y) = 2*y + 35. Let b(v) = 2*v + 36. Suppose -9*j + 21 = -2*j. Let l(h) = j*z(h) - 2*b(h). What is the tens digit of l(0)?
3
Let y(n) = 10*n**2 + 6*n + 1. Let o be y(-4). Suppose 4*m = -5*l - 571, -9*l = -12*l + m - 329. Let s = o + l. What is the tens digit of s?
2
Suppose 3*d = 6*d + 2*h - 1, -2*h + 4 = 0. Let z be d - (-3 - 99*3). Let p = -167 + z. What is the units digit of p?
2
Suppose 19346 + 30032 = 13*u + u. What is the units digit of u?
7
Suppose 0 = 18062*g - 18050*g - 141372. What is the ten thousands digit of g?
1
Suppose 0 = l + 38 - 67. Let j be (0/((-4)/(-2)))/(-31 + l). Suppose 3*z = -j*z + 360. What is the hundreds digit of z?
1
Let b = 0 - -2. Let h be (-4 - 0)*2/(-2). Suppose u + h*f = -0*u + 30, 0 = -b*u - 3*f + 55. What is the units digit of u?
6
Let g = 288 - 198. What is the units digit of (-68165)/(-75) + 12/g?
9
Suppose 0 + 9 = 3*p. Suppose 4*g = 3*x - 14, x - 237*g - 4 = -236*g. Suppose 42 = -2*z + t + 284, 0 = -p*z - x*t + 356. What is the tens digit of z?
2
Let p(k) = -8344*k - 849. What is the units digit of p(-1)?
5
Suppose 76*p = 59*p - 34. Let q be 0/(-1) - -2 - 2. What is the hundreds digit of 268 - (-4 - q/p)?
2
Let b(j) = 13*j**3 + 16*j**2 + 9*j + 18. Let f be b(-10). What is the units digit of f/(-40) + (-24)/(-20)?
8
Suppose 671 + 76 = x. Let a = 1660 - x. What is the units digit of a?
3
Suppose -7*s + 24 = -126 + 31. What is the tens digit of s?
1
Suppose 2*l + 38006 = 5*c, -20*c + 22810 = -17*c + 2*l. What is the units digit of c?
2
Suppose 61 = 2*k - 3*f, 0 = -2*k - f - 0*f + 65. Suppose 0 = -8*g + 4*g + k. Suppose 456 = 14*a - g*a. What is the units digit of a?
6
Let l be ((204/9)/4)/(7/63). Suppose -3*b + 447 = 3*x - l, -3*x = -2*b - 483. What is the hundreds digit of x?
1
Let q(s) = 224*s - 1199. What is the tens digit of q(8)?
9
What is the units digit of (-557535)/(-21) + (-72)/(-42)?
1
Suppose 2*z + 4*x + 32 = 0, 2 = -z + 2*x - 2. What is the units digit of (84/(-8))/(1/z)?
5
Let h(g) = 5*g**3 - 2*g**2. Let z = 45 + -43. Let m be h(z). Let j = m + -4. What is the units digit of j?
8
Suppose 13*q - 18*q = -25. Suppose q*s + 3*g - 6 = 3, -2*s - 5*g - 4 = 0. Suppose l + 340 = -s*x + 7*x, 4*l = x - 85. What is the units digit of x?
5
Let i = -7348 + 13481. What is the hundreds digit of i?
1
Let a(l) = -3*l**2 + 0*l + 4*l + 37*l**3 - 5 + 45*l**3. What is the tens digit of a(2)?
4
Let y(h) = -31*h**3 + 14*h**2 + 47*h + 19. What is the tens digit of y(-9)?
2
Let t = 4306 + -390. What is the thousands digit of t?
3
Suppose 8778 - 632 = z + 4*j, -4*z + j = -32499. What is the hundreds digit of z?
1
Suppose -25 = 2*h - 7*h, -4*h = 5*w + 30. Let n(d) = -152*d - 230. What is the tens digit of n(w)?
9
Let p be -4*(-5)/(-40) - 1206/4. Let r = p - -471. What is the hundreds digit of r?
1
Let r = 2 + 0. Suppose 3*c - 3*d - r*d - 738 = 0, -c + d + 246 = 0. What is the units digit of c?
6
Let t = 1674 - 1627. Suppose d = -4*d + 290. Let k = d + t. What is the hundreds digit of k?
1
Let q(i) = -89*i + 114. Let f be q(10). What is the units digit of f/(-64)*82 - 2/8?
4
Suppose -n - 30 = 5*a, 2*a - n = -3*n - 12. Let m = a + 11. Suppose 8*i = m*i + 498. What is the hundreds digit of i?
1
Suppose 4*k = 190 - 66. Suppose -13 = o + k. Let s = 210 + o. What is the hundreds digit of s?
1
Let h(r) = r**3 - 21*r**2 - 33*r + 66. Let x(z) = 21*z**2 - 6*z - 4. Let o be x(-1). What is the hundreds digit of h(o)?
3
Let w(v) = 53*v + 86. Let x be w(12). Let s = -419 + x. What is the hundreds digit of s?
3
Let g = 3044 - 1772. Suppose 84 - g = -4*y. What is the tens digit of y?
9
Let m(g) = -2*g**3 - 49*g**2 + 23*g - 44. Let k be m(-25). Suppose 0 = k*r - 8*r + 1136. What is the units digit of r?
8
Suppose -28*m - 4862 = -39*m. What is the tens digit of m?
4
Let m be 2*(27/30 + 4/(-10)). What is the hundreds digit of (m/2)/((-6)/(-1848))?
1
Let q be (-8 - (-1488)/(-30)) + (-3)/(-5). Let k be (q/9 + 3)*12/(-8). Suppose -2*i = -5*r - 168, 11 = -4*r - k. What is the tens digit of i?
7
Suppose 2*f - 3*z = 4*f - 14, -5*f = -5*z - 10. Suppose 4*l + 8 = 0, -4*v - 440 = -6*v + f*l. What is the hundreds digit of v?
2
Let p = 323 + -318. Let g = -986 + 1774. Suppose -p*a + g = 283. What is the units digit of a?
1
Suppose 0 = -5*i - 4*g + 1253, -15 = 4*g - 3. Let s = -32 - 112. Let h = s + i. What is the tens digit of h?
0
Suppose -5*r + 3*g + 15 = 0, -10 = 10*g - 12*g. What is the tens digit of 341 - 6/(12 - r)?
4
Let l(q) = 210*q**2 + 7*q. Suppose 0 = -6*d + 29 - 35. What is the tens digit of l(d)?
0
Suppose 4*w = 1729 + 5147. Let h = 2724 - w. Suppose -2*r = -7*r + h. What is the tens digit of r?
0
Let p(z) be the first derivative of 5*z**2/2 - 109*z + 149. What is the units digit of p(30)?
1
What is the hundreds digit of ((-40990)/35)/(18/(-63))?
0
Suppose -392 = -7*v + 105. Let h be 8 + (-1 + 2)*0. Suppose -h*b + 17 = -v. What is the tens digit of b?
1
Suppose -3*u + 519 = 231. What is the hundreds digit of -1*(u/40)/((-4)/2990)?
7
Let i(x) = -2*x**2 - 23*x + 41. Let y be i(-13). Suppose 13 = 4*k + 21, -y*h = -5*k - 1308. What is the hundreds digit of h?
6
Suppose -353142 + 1898107 = 193*h. What is the hundreds digit of h?
0
Let i = -8036 - -11547. What is the tens digit of i?
1
Let j = -13722 - -30955. What is the hundreds digit of j?
2
What is the hundreds digit of (-15 + 18)*(-10 + 4)*829/(-2)?
4
Suppose -8*r - 26980 = -11*r - 17*r. What is the hundreds digit of r?
3
Let q(h) be the second derivative of 17*h**4/8 + h**3/6 - 13*h**2/2 - 41*h. Let b(z) be the first derivative of q(z). What is the units digit of b(1)?
2
Let v be 5 - -1 - (13 - (1 - -10)). Suppose v*d - 1181 - 133 = 5*g, 0 = -2*d - 2*g + 666. What is the tens digit of d?
3
Let s(o) = 2377*o - 199. What is the ten thousands digit of s(9)?
2
Suppose 35*x = -28*x - x + 615936. What is the thousands digit of x?
9
Suppose 0 = 3*u - 6, -8 - 54 = 2*o + 2*u. Let b(k) = -k**3 - 40*k**2 - 41*k + 23. Let p be b(-39). Let v = o + p. What is the tens digit of v?
6
Suppose 3*r = 3*s + 27, 3*s + 3*r = -s - 1. Let v(d) = 2*d - 8. Let f(q) = 40*q - 39. Let h(k) = -f(k) + v(k). What is the units digit of h(s)?
3
Let i be (2 - -2) + (-21 - -24). Suppose 15*k = i*k + 9912. What is the units digit of k?
9
Let h be (-5 - -10) + 14 + 4. Suppose h*g - 84 = 11*g. What is the units digit of g?
7
What is the hundreds digit of (-151827)/(-156) + 30/4*7/70?
9
Let k = 86 + -76. Let l be (-1)/k*998 + 2/(-10). What is the units digit of l/(-3*8/(-108)*-3)?
0
Suppose -5*o = 5*f - 5, 4*o + 1 = 3*f + 19. Let g(i) = -i**2 + 14*i + 97. Let l be g(-5). Suppose 0 = 4*p - l*d - 27 - 79, d = -o. What is the units digit of p?
5
Let o be 14/(-4)*3/((-63)/12). Suppose -o*w - 8 = -16. Suppose w*q = 107 + 49. What is the tens digit of q?
3
Let i(w) = -24*w - 13. Let q be i(5). Let m = 568 + -337. Let d = m + q. What is the units digit of d?
8
Suppose 10*v - 91*v = 8100. Let l = -7 + 15. What is the tens digit of (l/16)/((-2)/4)*v?
0
Suppose n + 93*r - 94*r = 1014, -3*r = n - 1018. What is the tens digit of n?
1
Suppose 2*y + 4*j = 26, -2*j + 35 = 5*y + 2*j. Let z be y + (-168)/9 + 4/(-12). What is the hundreds digit of z/(-6)*(-1 + (-525)/(-12))?
1
Let q(j) = -j**3 + 8*j**2 + 8*j - 7. Let k(z) be the second derivative of z**4/12 - 5*z**3/3 + 16*z**2 + 15*z. Let i be k(6). What is the tens digit of q(i)?
5
Let a = 103991 + -43196. What is the thousands digit of a?
0
Let w(f) = 129*f**2 - 34*f - 127. What is the units digit of w(-5)?
8
Let c be 2*-2 + (4394 - (-11 - -13)). Su